{"id":988195,"date":"2026-04-17T12:07:38","date_gmt":"2026-04-17T12:07:38","guid":{"rendered":"https:\/\/conargentina.com.ar\/?page_id=988195"},"modified":"2026-04-17T16:40:20","modified_gmt":"2026-04-17T16:40:20","slug":"renpre-sedronar","status":"publish","type":"page","link":"https:\/\/conargentina.com.ar\/?page_id=988195","title":{"rendered":"RENPRE \/ SEDRONAR"},"content":{"rendered":"\t\t<div data-elementor-type=\"wp-page\" data-elementor-id=\"988195\" class=\"elementor elementor-988195\" data-elementor-post-type=\"page\">\n\t\t\t\t<div class=\"elementor-element elementor-element-4a98ab8 e-flex e-con-boxed e-con e-child\" data-id=\"4a98ab8\" data-element_type=\"container\" data-e-type=\"container\" data-settings=\"{&quot;background_background&quot;:&quot;classic&quot;}\">\n\t\t\t\t\t<div class=\"e-con-inner\">\n\t\t<div class=\"elementor-element elementor-element-55efd13 e-flex e-con-boxed e-con e-child\" data-id=\"55efd13\" data-element_type=\"container\" data-e-type=\"container\">\n\t\t\t\t\t<div class=\"e-con-inner\">\n\t\t\t\t<div class=\"elementor-element elementor-element-1d65cdd elementor-invisible animated-fast elementor-widget elementor-widget-heading\" data-id=\"1d65cdd\" data-element_type=\"widget\" data-e-type=\"widget\" data-settings=\"{&quot;_animation&quot;:&quot;fadeIn&quot;,&quot;_animation_delay&quot;:0}\" data-widget_type=\"heading.default\">\n\t\t\t\t<div class=\"elementor-widget-container\">\n\t\t\t\t\t<h2 class=\"elementor-heading-title elementor-size-default\">Asesoramiento <span class=\"color-accent-4\">RENPRE \/ SEDRONAR<\/h2>\t\t\t\t<\/div>\n\t\t\t\t<\/div>\n\t\t\t\t<div class=\"vamtam-has-theme-widget-styles elementor-element elementor-element-e68d012 elementor-widget-tablet__width-inherit elementor-widget elementor-widget-text-editor\" data-id=\"e68d012\" data-element_type=\"widget\" data-e-type=\"widget\" data-widget_type=\"text-editor.default\">\n\t\t\t\t<div class=\"elementor-widget-container\">\n\t\t\t\t\t\t\t\t\t<p>La Secretar\u00eda de Programaci\u00f3n para la Prevenci\u00f3n de la Drogadicci\u00f3n y la Lucha contra el Narcotr\u00e1fico (SEDRONAR), a trav\u00e9s de Registro Nacional de Precursores Qu\u00edmicos (RENPRE), es un organismo p\u00fablico que regula la actividad relacionada con Sustancias o Productos Qu\u00edmicos que puedan servir de base o puedan ser utilizados en la elaboraci\u00f3n de estupefacientes, que se utilizan en la Industria Farmac\u00e9utica. Asimismo, controla la tenencia, utilizaci\u00f3n, producci\u00f3n, importaciones, exportaciones, transporte y almacenamiento de los mismos.<\/p><p>CON ARGENTINA SRL tiene el personal adecuado para guiarlo y obtener los Certificados para la actividad que el cliente necesite. Nuestro servicio se relaciona con el Asesoramiento del Cliente con relaci\u00f3n a la Documentaci\u00f3n que se necesita y de manera posterior el Seguimiento al mismo para la obtenci\u00f3n de dicha documentaci\u00f3n y la Presencia en el RENPRE para agilizar sus tr\u00e1mites.<\/p><p>Contando con nuestros servicios Ud. se garantizar\u00e1 una mayor agilidad en la obtenci\u00f3n de las habilitaciones y dem\u00e1s tr\u00e1mites a realizar.<\/p>\t\t\t\t\t\t\t\t<\/div>\n\t\t\t\t<\/div>\n\t\t\t\t\t<\/div>\n\t\t\t\t<\/div>\n\t\t\t\t\t<\/div>\n\t\t\t\t<\/div>\n\t\t\t\t<\/div>\n\t\t","protected":false},"excerpt":{"rendered":"<p>Asesoramiento RENPRE \/ SEDRONAR La Secretar\u00eda de Programaci\u00f3n para la Prevenci\u00f3n de la Drogadicci\u00f3n y la Lucha contra el Narcotr\u00e1fico (SEDRONAR), a trav\u00e9s de Registro Nacional de Precursores Qu\u00edmicos (RENPRE), es un organismo p\u00fablico que regula la actividad relacionada con Sustancias o Productos Qu\u00edmicos que puedan servir de base o puedan ser utilizados en la&#8230;<\/p>\n","protected":false},"author":1,"featured_media":0,"parent":0,"menu_order":0,"comment_status":"closed","ping_status":"closed","template":"","meta":{"footnotes":""},"class_list":["post-988195","page","type-page","status-publish","hentry"],"_links":{"self":[{"href":"https:\/\/conargentina.com.ar\/index.php?rest_route=\/wp\/v2\/pages\/988195","targetHints":{"allow":["GET"]}}],"collection":[{"href":"https:\/\/conargentina.com.ar\/index.php?rest_route=\/wp\/v2\/pages"}],"about":[{"href":"https:\/\/conargentina.com.ar\/index.php?rest_route=\/wp\/v2\/types\/page"}],"author":[{"embeddable":true,"href":"https:\/\/conargentina.com.ar\/index.php?rest_route=\/wp\/v2\/users\/1"}],"replies":[{"embeddable":true,"href":"https:\/\/conargentina.com.ar\/index.php?rest_route=%2Fwp%2Fv2%2Fcomments&post=988195"}],"version-history":[{"count":16,"href":"https:\/\/conargentina.com.ar\/index.php?rest_route=\/wp\/v2\/pages\/988195\/revisions"}],"predecessor-version":[{"id":988507,"href":"https:\/\/conargentina.com.ar\/index.php?rest_route=\/wp\/v2\/pages\/988195\/revisions\/988507"}],"wp:attachment":[{"href":"https:\/\/conargentina.com.ar\/index.php?rest_route=%2Fwp%2Fv2%2Fmedia&parent=988195"}],"curies":[{"name":"wp","href":"https:\/\/api.w.org\/{rel}","templated":true}]}}