{"id":988184,"date":"2026-04-17T12:02:24","date_gmt":"2026-04-17T12:02:24","guid":{"rendered":"https:\/\/conargentina.com.ar\/?page_id=988184"},"modified":"2026-04-17T17:05:49","modified_gmt":"2026-04-17T17:05:49","slug":"importacion","status":"publish","type":"page","link":"https:\/\/conargentina.com.ar\/?page_id=988184","title":{"rendered":"Importaci\u00f3n"},"content":{"rendered":"\t\t<div data-elementor-type=\"wp-page\" data-elementor-id=\"988184\" class=\"elementor elementor-988184\" data-elementor-post-type=\"page\">\n\t\t\t\t<div class=\"elementor-element elementor-element-4a98ab8 e-flex e-con-boxed e-con e-child\" data-id=\"4a98ab8\" data-element_type=\"container\" data-e-type=\"container\" data-settings=\"{&quot;background_background&quot;:&quot;classic&quot;}\">\n\t\t\t\t\t<div class=\"e-con-inner\">\n\t\t<div class=\"elementor-element elementor-element-55efd13 e-flex e-con-boxed e-con e-child\" data-id=\"55efd13\" data-element_type=\"container\" data-e-type=\"container\">\n\t\t\t\t\t<div class=\"e-con-inner\">\n\t\t\t\t<div class=\"elementor-element elementor-element-1d65cdd elementor-invisible animated-fast elementor-widget elementor-widget-heading\" data-id=\"1d65cdd\" data-element_type=\"widget\" data-e-type=\"widget\" data-settings=\"{&quot;_animation&quot;:&quot;fadeIn&quot;,&quot;_animation_delay&quot;:0}\" data-widget_type=\"heading.default\">\n\t\t\t\t<div class=\"elementor-widget-container\">\n\t\t\t\t\t<h2 class=\"elementor-heading-title elementor-size-default\">Importaci\u00f3n<span class=\"color-accent-4\"><\/h2>\t\t\t\t<\/div>\n\t\t\t\t<\/div>\n\t\t\t\t<div class=\"vamtam-has-theme-widget-styles elementor-element elementor-element-e68d012 elementor-widget-tablet__width-inherit elementor-widget elementor-widget-text-editor\" data-id=\"e68d012\" data-element_type=\"widget\" data-e-type=\"widget\" data-widget_type=\"text-editor.default\">\n\t\t\t\t<div class=\"elementor-widget-container\">\n\t\t\t\t\t\t\t\t\t<p>La gesti\u00f3n en Importaciones de CON ARGENTINA SRL se apoya fundamentalmente en el conocimiento de los materiales a Importar, sus caracter\u00edsticas t\u00e9cnicas y el contacto directo con el proveedor.\u00a0<\/p>\t\t\t\t\t\t\t\t<\/div>\n\t\t\t\t<\/div>\n\t\t\t\t\t<\/div>\n\t\t\t\t<\/div>\n\t\t\t\t\t<\/div>\n\t\t\t\t<\/div>\n\t\t<div class=\"elementor-element elementor-element-03cc579 e-flex e-con-boxed e-con e-child\" data-id=\"03cc579\" data-element_type=\"container\" data-e-type=\"container\">\n\t\t\t\t\t<div class=\"e-con-inner\">\n\t\t<div class=\"elementor-element elementor-element-fe0cc61 e-con-full e-flex e-con e-child\" data-id=\"fe0cc61\" data-element_type=\"container\" data-e-type=\"container\" data-settings=\"{&quot;background_background&quot;:&quot;classic&quot;}\">\n\t\t<div class=\"elementor-element elementor-element-7db0172 e-con-full e-flex e-con e-child\" data-id=\"7db0172\" data-element_type=\"container\" data-e-type=\"container\">\n\t\t<div class=\"elementor-element elementor-element-c9ad835 elementor-invisible e-con-full animated-fast e-flex e-con e-child\" data-id=\"c9ad835\" data-element_type=\"container\" data-e-type=\"container\" data-settings=\"{&quot;animation&quot;:&quot;fadeIn&quot;,&quot;animation_delay&quot;:50}\">\n\t\t\t\t<div class=\"elementor-element elementor-element-e11d117 elementor-invisible animated-fast elementor-widget elementor-widget-heading\" data-id=\"e11d117\" data-element_type=\"widget\" data-e-type=\"widget\" data-settings=\"{&quot;_animation&quot;:&quot;slideInUp&quot;,&quot;_animation_delay&quot;:50}\" data-widget_type=\"heading.default\">\n\t\t\t\t<div class=\"elementor-widget-container\">\n\t\t\t\t\t<h3 class=\"elementor-heading-title elementor-size-default\">A partir de estos puntos fundamentales se disparan distintas acciones como ser:<\/h3>\t\t\t\t<\/div>\n\t\t\t\t<\/div>\n\t\t\t\t<div class=\"vamtam-has-theme-widget-styles elementor-element elementor-element-31459e2 elementor-widget elementor-widget-text-editor\" data-id=\"31459e2\" data-element_type=\"widget\" data-e-type=\"widget\" data-widget_type=\"text-editor.default\">\n\t\t\t\t<div class=\"elementor-widget-container\">\n\t\t\t\t\t\t\t\t\t<p>Clasificaci\u00f3n Arancelaria del Producto<br \/>La Clasificaci\u00f3n en aduana nos permitir\u00e1 conocer:<br \/>Los derechos de Importaci\u00f3n (Ad-valoren y\/o espec\u00edficos). Estad\u00edstica. Otros Impuestos. Intervenciones previas. Prohibiciones a las importaciones.<\/p><p>Peso y Volumen de la carga<br \/>Con la informaci\u00f3n del proveedor (Packing List) y de las especificaciones t\u00e9cnicas del producto, estableceremos la mejor log\u00edstica para la importaci\u00f3n, evaluando costo de transporte y tiempo de traslado a fin de cumplir con las expectativas y necesidades del cliente.<\/p><p>Estado del Cliente ante la AFIP<br \/>Este punto es importante ya que la condici\u00f3n ante la AFIP nos permitir\u00e1 conocer si el cliente cuenta con CVDI y si tiene o no exenciones en el pago de IVA Adicional y Ganancia.<\/p>\t\t\t\t\t\t\t\t<\/div>\n\t\t\t\t<\/div>\n\t\t\t\t<\/div>\n\t\t\t\t<\/div>\n\t\t\t\t<\/div>\n\t\t<div class=\"elementor-element elementor-element-1d7c1d9 e-con-full e-flex e-con e-child\" data-id=\"1d7c1d9\" data-element_type=\"container\" data-e-type=\"container\" data-settings=\"{&quot;background_background&quot;:&quot;classic&quot;}\">\n\t\t<div class=\"elementor-element elementor-element-5cbb283 e-con-full e-flex e-con e-child\" data-id=\"5cbb283\" data-element_type=\"container\" data-e-type=\"container\">\n\t\t<div class=\"elementor-element elementor-element-b8cd4dd elementor-invisible e-con-full animated-fast e-flex e-con e-child\" data-id=\"b8cd4dd\" data-element_type=\"container\" data-e-type=\"container\" data-settings=\"{&quot;animation&quot;:&quot;fadeIn&quot;,&quot;animation_delay&quot;:50}\">\n\t\t\t\t<div class=\"vamtam-has-theme-widget-styles elementor-element elementor-element-513dda3 elementor-widget elementor-widget-text-editor\" data-id=\"513dda3\" data-element_type=\"widget\" data-e-type=\"widget\" data-widget_type=\"text-editor.default\">\n\t\t\t\t<div class=\"elementor-widget-container\">\n\t\t\t\t\t\t\t\t\t<p>Certificados de Miner\u00eda<br \/>Con la clasificaci\u00f3n arancelaria del producto, la condici\u00f3n de compra y los gastos de origen pactados para el retiro del material, podremos establecer el valor F.O.B a efectos de solicitar con la suficiente antelaci\u00f3n el certificado de miner\u00eda a efecto de aplicarlo al momento de la oficializaci\u00f3n de los materiales.<\/p><p>Intervenciones Previas<br \/>Con la Clasificaci\u00f3n Arancelaria se puede determinar las intervenciones previas que requiere el material a importar y con las especificaciones t\u00e9cnicas y datos extras que pueda aportar el proveedor y porque no el cliente, se tramitan ante los organismos intervinientes las distintas intervenciones a efecto de tener las autorizaciones con suficiente tiempo para su importaci\u00f3n. Muchas de ellas es conveniente obtenerlas antes de embarcar el material, ya que pueden o no ser autorizadas. En el caso de no obtener la autorizaci\u00f3n correspondiente se evaluar\u00e1n otras alternativas legales.<\/p><p>Gesti\u00f3n Aduanera<br \/>CON ARGENTINA SRL puede proveer los servicios de Despachante de Aduana o utilizar el despachante del cliente, siguiendo al despachante en todas sus gestiones para la activaci\u00f3n de la oficializaci\u00f3n de los embarques y de retiro del material.<\/p>\t\t\t\t\t\t\t\t<\/div>\n\t\t\t\t<\/div>\n\t\t\t\t<\/div>\n\t\t\t\t<\/div>\n\t\t\t\t<\/div>\n\t\t\t\t\t<\/div>\n\t\t\t\t<\/div>\n\t\t\t\t<\/div>\n\t\t","protected":false},"excerpt":{"rendered":"<p>Importaci\u00f3n La gesti\u00f3n en Importaciones de CON ARGENTINA SRL se apoya fundamentalmente en el conocimiento de los materiales a Importar, sus caracter\u00edsticas t\u00e9cnicas y el contacto directo con el proveedor.\u00a0 A partir de estos puntos fundamentales se disparan distintas acciones como ser: Clasificaci\u00f3n Arancelaria del ProductoLa Clasificaci\u00f3n en aduana nos permitir\u00e1 conocer:Los derechos de Importaci\u00f3n&#8230;<\/p>\n","protected":false},"author":1,"featured_media":0,"parent":0,"menu_order":0,"comment_status":"closed","ping_status":"closed","template":"","meta":{"footnotes":""},"class_list":["post-988184","page","type-page","status-publish","hentry"],"_links":{"self":[{"href":"https:\/\/conargentina.com.ar\/index.php?rest_route=\/wp\/v2\/pages\/988184","targetHints":{"allow":["GET"]}}],"collection":[{"href":"https:\/\/conargentina.com.ar\/index.php?rest_route=\/wp\/v2\/pages"}],"about":[{"href":"https:\/\/conargentina.com.ar\/index.php?rest_route=\/wp\/v2\/types\/page"}],"author":[{"embeddable":true,"href":"https:\/\/conargentina.com.ar\/index.php?rest_route=\/wp\/v2\/users\/1"}],"replies":[{"embeddable":true,"href":"https:\/\/conargentina.com.ar\/index.php?rest_route=%2Fwp%2Fv2%2Fcomments&post=988184"}],"version-history":[{"count":21,"href":"https:\/\/conargentina.com.ar\/index.php?rest_route=\/wp\/v2\/pages\/988184\/revisions"}],"predecessor-version":[{"id":988552,"href":"https:\/\/conargentina.com.ar\/index.php?rest_route=\/wp\/v2\/pages\/988184\/revisions\/988552"}],"wp:attachment":[{"href":"https:\/\/conargentina.com.ar\/index.php?rest_route=%2Fwp%2Fv2%2Fmedia&parent=988184"}],"curies":[{"name":"wp","href":"https:\/\/api.w.org\/{rel}","templated":true}]}}