{"id":988118,"date":"2026-04-17T01:40:17","date_gmt":"2026-04-17T01:40:17","guid":{"rendered":"https:\/\/conargentina.com.ar\/?page_id=988118"},"modified":"2026-04-17T17:12:10","modified_gmt":"2026-04-17T17:12:10","slug":"outsourcing-de-compras","status":"publish","type":"page","link":"https:\/\/conargentina.com.ar\/?page_id=988118","title":{"rendered":"Outsourcing de Compras"},"content":{"rendered":"\t\t<div data-elementor-type=\"wp-page\" data-elementor-id=\"988118\" class=\"elementor elementor-988118\" data-elementor-post-type=\"page\">\n\t\t\t\t<div class=\"elementor-element elementor-element-4a98ab8 e-flex e-con-boxed e-con e-child\" data-id=\"4a98ab8\" data-element_type=\"container\" data-e-type=\"container\" data-settings=\"{&quot;background_background&quot;:&quot;classic&quot;}\">\n\t\t\t\t\t<div class=\"e-con-inner\">\n\t\t<div class=\"elementor-element elementor-element-55efd13 e-flex e-con-boxed e-con e-child\" data-id=\"55efd13\" data-element_type=\"container\" data-e-type=\"container\">\n\t\t\t\t\t<div class=\"e-con-inner\">\n\t\t\t\t<div class=\"elementor-element elementor-element-1d65cdd elementor-invisible animated-fast elementor-widget elementor-widget-heading\" data-id=\"1d65cdd\" data-element_type=\"widget\" data-e-type=\"widget\" data-settings=\"{&quot;_animation&quot;:&quot;fadeIn&quot;,&quot;_animation_delay&quot;:0}\" data-widget_type=\"heading.default\">\n\t\t\t\t<div class=\"elementor-widget-container\">\n\t\t\t\t\t<h2 class=\"elementor-heading-title elementor-size-default\">Outsourcing de Compras <span class=\"color-accent-4\">Purchasing Office<\/h2>\t\t\t\t<\/div>\n\t\t\t\t<\/div>\n\t\t\t\t<div class=\"vamtam-has-theme-widget-styles elementor-element elementor-element-e68d012 elementor-widget-tablet__width-inherit elementor-widget elementor-widget-text-editor\" data-id=\"e68d012\" data-element_type=\"widget\" data-e-type=\"widget\" data-widget_type=\"text-editor.default\">\n\t\t\t\t<div class=\"elementor-widget-container\">\n\t\t\t\t\t\t\t\t\t<p>CON ARGENTINA SRL es un equipo de compradores especializados en el \u00e1rea minera que proponen un nuevo sistema de gesti\u00f3n, el Outsourcing de Compras. De esta manera su empresa centraliza en un \u00fanico proveedor los procesos de compras de sus \u00edtems y servicios no estrat\u00e9gicos para su negocio; permitiendo focalizar sus recursos en hacer buenos negocios en lugar de simplemente administrar las compras.<\/p><p><span class=\"blue\">Nuestra Misi\u00f3n<\/span>\u00a0es ser el departamento externo de compras de nuestros clientes; lograr resultados mediante la operaci\u00f3n de sus compras no estrat\u00e9gicas y el soporte en las decisiones de alto valor para nuestros clientes.<\/p><p><span class=\"blue\">Nuestra Visi\u00f3n<\/span>\u00a0es formar una comunidad sin\u00e9rgica de socios donde sus vol\u00famenes individuales contribuyan a la suma de un volumen m\u00e1s competitivo para lograr mejores negocios con nuestros proveedores.<\/p>\t\t\t\t\t\t\t\t<\/div>\n\t\t\t\t<\/div>\n\t\t\t\t\t<\/div>\n\t\t\t\t<\/div>\n\t\t\t\t\t<\/div>\n\t\t\t\t<\/div>\n\t\t<div class=\"elementor-element elementor-element-aa7c85a e-flex e-con-boxed e-con e-child\" data-id=\"aa7c85a\" data-element_type=\"container\" data-e-type=\"container\">\n\t\t\t\t\t<div class=\"e-con-inner\">\n\t\t<div class=\"elementor-element elementor-element-526d8d5 elementor-invisible animated-fast e-flex e-con-boxed e-con e-child\" data-id=\"526d8d5\" data-element_type=\"container\" data-e-type=\"container\" data-settings=\"{&quot;animation&quot;:&quot;slideInUp&quot;,&quot;animation_delay&quot;:0}\">\n\t\t\t\t\t<div class=\"e-con-inner\">\n\t\t\t\t<div class=\"vamtam-has-theme-widget-styles elementor-element elementor-element-8343c7e elementor-widget elementor-widget-text-editor\" data-id=\"8343c7e\" data-element_type=\"widget\" data-e-type=\"widget\" data-widget_type=\"text-editor.default\">\n\t\t\t\t<div class=\"elementor-widget-container\">\n\t\t\t\t\t\t\t\t\t<p><span class=\"blue\" style=\"color: #07479f; letter-spacing: 0.2px; font-family: flamalight, Helvetica, Arial, sans-serif; font-size: 14px; font-style: normal; font-variant-ligatures: normal; font-variant-caps: normal; font-weight: 400;\">Que es el Outsourcing de Compras?<\/span><br style=\"color: #454545; font-family: flamalight, Helvetica, Arial, sans-serif; font-size: 14px;\" \/><span style=\"color: #454545; font-family: flamalight, Helvetica, Arial, sans-serif; font-size: 14px; font-style: normal; font-variant-ligatures: normal; font-variant-caps: normal; font-weight: 400;\">Es un modelo de compras simplificado que agrupa proveedores, \u00edtems y tareas no estrat\u00e9gicas en un solo proceso. Al hacer lo mismo para varios clientes, logra econom\u00eda de escala y eficiencia en los procesos de negociaci\u00f3n, contrataci\u00f3n, administraci\u00f3n y control de estas categor\u00edas.<\/span><\/p>\t\t\t\t\t\t\t\t<\/div>\n\t\t\t\t<\/div>\n\t\t\t\t\t<\/div>\n\t\t\t\t<\/div>\n\t\t<div class=\"elementor-element elementor-element-cb78733 e-con-full e-flex e-con e-child\" data-id=\"cb78733\" data-element_type=\"container\" data-e-type=\"container\" data-settings=\"{&quot;background_background&quot;:&quot;classic&quot;}\">\n\t\t\t\t<div class=\"vamtam-has-theme-widget-styles elementor-element elementor-element-7145b4c elementor-widget elementor-widget-text-editor\" data-id=\"7145b4c\" data-element_type=\"widget\" data-e-type=\"widget\" data-widget_type=\"text-editor.default\">\n\t\t\t\t<div class=\"elementor-widget-container\">\n\t\t\t\t\t\t\t\t\t<p><span class=\"blue\" style=\"color: #07479f; letter-spacing: 0.2px; font-family: flamalight, Helvetica, Arial, sans-serif; font-size: 14px; font-style: normal; font-variant-ligatures: normal; font-variant-caps: normal; font-weight: 400;\">Donde nace la necesidad del Outsourcing?<\/span><br style=\"color: #454545; font-family: flamalight, Helvetica, Arial, sans-serif; font-size: 14px;\" \/><span style=\"color: #454545; font-family: flamalight, Helvetica, Arial, sans-serif; font-size: 14px; font-style: normal; font-variant-ligatures: normal; font-variant-caps: normal; font-weight: 400;\">La principal barrera que tienen hoy los departamentos de compras es el tiempo y la cantidad de recursos que disponen para gestionar eficientemente la amplia cantidad de \u00edtems y proveedores involucrados en el negocio. Muchas veces esta complejidad no permite desarrollar la principal actividad que esperamos de nuestros equipos de compras: agregar valor para el negocio.<\/span><\/p>\t\t\t\t\t\t\t\t<\/div>\n\t\t\t\t<\/div>\n\t\t\t\t<\/div>\n\t\t\t\t\t<\/div>\n\t\t\t\t<\/div>\n\t\t<div class=\"elementor-element elementor-element-03cc579 e-flex e-con-boxed e-con e-child\" data-id=\"03cc579\" data-element_type=\"container\" data-e-type=\"container\">\n\t\t\t\t\t<div class=\"e-con-inner\">\n\t\t<div class=\"elementor-element elementor-element-fe0cc61 e-con-full e-flex e-con e-child\" data-id=\"fe0cc61\" data-element_type=\"container\" data-e-type=\"container\" data-settings=\"{&quot;background_background&quot;:&quot;classic&quot;}\">\n\t\t<div class=\"elementor-element elementor-element-7db0172 e-con-full e-flex e-con e-child\" data-id=\"7db0172\" data-element_type=\"container\" data-e-type=\"container\">\n\t\t<div class=\"elementor-element elementor-element-c9ad835 elementor-invisible e-con-full animated-fast e-flex e-con e-child\" data-id=\"c9ad835\" data-element_type=\"container\" data-e-type=\"container\" data-settings=\"{&quot;animation&quot;:&quot;fadeIn&quot;,&quot;animation_delay&quot;:50}\">\n\t\t\t\t<div class=\"elementor-element elementor-element-e11d117 elementor-invisible animated-fast elementor-widget elementor-widget-heading\" data-id=\"e11d117\" data-element_type=\"widget\" data-e-type=\"widget\" data-settings=\"{&quot;_animation&quot;:&quot;slideInUp&quot;,&quot;_animation_delay&quot;:50}\" data-widget_type=\"heading.default\">\n\t\t\t\t<div class=\"elementor-widget-container\">\n\t\t\t\t\t<h3 class=\"elementor-heading-title elementor-size-default\">Como el Outsourcing de Compras agrega valor a su negocio?<\/h3>\t\t\t\t<\/div>\n\t\t\t\t<\/div>\n\t\t\t\t<div class=\"vamtam-has-theme-widget-styles elementor-element elementor-element-31459e2 elementor-widget elementor-widget-text-editor\" data-id=\"31459e2\" data-element_type=\"widget\" data-e-type=\"widget\" data-widget_type=\"text-editor.default\">\n\t\t\t\t<div class=\"elementor-widget-container\">\n\t\t\t\t\t\t\t\t\t<p><span class=\"blue\">Foco en su estrategia<\/span><br \/>Al delegar trabajo de bajo valor, podr\u00e1 focalizar sus recursos en los negocios y procesos de alto impacto.<\/p>\n<p><span class=\"blue\">Expertise<\/span><br \/>A trav\u00e9s del Category Management (o gesti\u00f3n por categor\u00edas y commodities),<a href=\"https:\/\/www.besttime.me\/\">Best Replica Watches<\/a>\u00a0aseguramos para todas sus compras el know-how, la actualizaci\u00f3n del mercado (precios, proveedores y servicios) y la eficiencia en los procesos, agregando valor a su negocio de la misma manera que usted lo hace para sus categor\u00edas core.<\/p>\n<p><span class=\"blue\">Econom\u00eda de escala<\/span><br \/>El volumen agregado de nuestros clientes genera una econom\u00eda de escala que nos asegura precios m\u00e1s competitivos.<\/p>\n<p><span class=\"blue\">Simplicidad<\/span><br \/>Consolida todos los procesos en uno s\u00f3lo, los cuales para su organizaci\u00f3n son de bajo valor agregado o simplemente representan costos.<\/p>\t\t\t\t\t\t\t\t<\/div>\n\t\t\t\t<\/div>\n\t\t\t\t<div class=\"elementor-element elementor-element-31254d4 elementor-widget elementor-widget-image\" data-id=\"31254d4\" data-element_type=\"widget\" data-e-type=\"widget\" data-widget_type=\"image.default\">\n\t\t\t\t<div class=\"elementor-widget-container\">\n\t\t\t\t\t\t\t\t\t\t\t\t\t\t\t<img fetchpriority=\"high\" decoding=\"async\" width=\"564\" height=\"113\" src=\"https:\/\/conargentina.com.ar\/wp-content\/uploads\/2026\/04\/img-purchasing1.png\" class=\"attachment-large size-large wp-image-988141\" alt=\"\" srcset=\"https:\/\/conargentina.com.ar\/wp-content\/uploads\/2026\/04\/img-purchasing1.png 564w, https:\/\/conargentina.com.ar\/wp-content\/uploads\/2026\/04\/img-purchasing1-300x60.png 300w\" sizes=\"(max-width: 564px) 100vw, 564px\" \/>\t\t\t\t\t\t\t\t\t\t\t\t\t\t\t<\/div>\n\t\t\t\t<\/div>\n\t\t\t\t<div class=\"vamtam-has-theme-widget-styles elementor-element elementor-element-1d00f76 elementor-widget elementor-widget-text-editor\" data-id=\"1d00f76\" data-element_type=\"widget\" data-e-type=\"widget\" data-widget_type=\"text-editor.default\">\n\t\t\t\t<div class=\"elementor-widget-container\">\n\t\t\t\t\t\t\t\t\t<p>Que es el Outsourcing operacional?<br \/>El Outsourcing Operacional es la tercerizaci\u00f3n total o parcial de las operaciones relacionadas con las compras y contrataciones. La gama de servicios es amplia y se desarrolla en conjunto con cada cliente de acuerdo a sus necesidades, objetivos y pol\u00edticas.<\/p>\t\t\t\t\t\t\t\t<\/div>\n\t\t\t\t<\/div>\n\t\t\t\t<div class=\"elementor-element elementor-element-de061d9 elementor-widget elementor-widget-image\" data-id=\"de061d9\" data-element_type=\"widget\" data-e-type=\"widget\" data-widget_type=\"image.default\">\n\t\t\t\t<div class=\"elementor-widget-container\">\n\t\t\t\t\t\t\t\t\t\t\t\t\t\t\t<img decoding=\"async\" width=\"564\" height=\"113\" src=\"https:\/\/conargentina.com.ar\/wp-content\/uploads\/2026\/04\/img-purchasing2.png\" class=\"attachment-large size-large wp-image-988142\" alt=\"\" srcset=\"https:\/\/conargentina.com.ar\/wp-content\/uploads\/2026\/04\/img-purchasing2.png 564w, https:\/\/conargentina.com.ar\/wp-content\/uploads\/2026\/04\/img-purchasing2-300x60.png 300w\" sizes=\"(max-width: 564px) 100vw, 564px\" \/>\t\t\t\t\t\t\t\t\t\t\t\t\t\t\t<\/div>\n\t\t\t\t<\/div>\n\t\t\t\t<\/div>\n\t\t\t\t<\/div>\n\t\t\t\t<\/div>\n\t\t<div class=\"elementor-element elementor-element-1d7c1d9 e-con-full e-flex e-con e-child\" data-id=\"1d7c1d9\" data-element_type=\"container\" data-e-type=\"container\" data-settings=\"{&quot;background_background&quot;:&quot;classic&quot;}\">\n\t\t<div class=\"elementor-element elementor-element-5cbb283 e-con-full e-flex e-con e-child\" data-id=\"5cbb283\" data-element_type=\"container\" data-e-type=\"container\">\n\t\t<div class=\"elementor-element elementor-element-b8cd4dd elementor-invisible e-con-full animated-fast e-flex e-con e-child\" data-id=\"b8cd4dd\" data-element_type=\"container\" data-e-type=\"container\" data-settings=\"{&quot;animation&quot;:&quot;fadeIn&quot;,&quot;animation_delay&quot;:50}\">\n\t\t\t\t<div class=\"elementor-element elementor-element-e5bcf63 elementor-invisible animated-fast elementor-widget elementor-widget-heading\" data-id=\"e5bcf63\" data-element_type=\"widget\" data-e-type=\"widget\" data-settings=\"{&quot;_animation&quot;:&quot;slideInUp&quot;,&quot;_animation_delay&quot;:50}\" data-widget_type=\"heading.default\">\n\t\t\t\t<div class=\"elementor-widget-container\">\n\t\t\t\t\t<h3 class=\"elementor-heading-title elementor-size-default\">Ventajas de delegar tareas operacionales<\/h3>\t\t\t\t<\/div>\n\t\t\t\t<\/div>\n\t\t\t\t<div class=\"vamtam-has-theme-widget-styles elementor-element elementor-element-513dda3 elementor-widget elementor-widget-text-editor\" data-id=\"513dda3\" data-element_type=\"widget\" data-e-type=\"widget\" data-widget_type=\"text-editor.default\">\n\t\t\t\t<div class=\"elementor-widget-container\">\n\t\t\t\t\t\t\t\t\t<p><span class=\"blue\">Flexibilidad de recursos<\/span><br \/>El cliente contrata los recursos de acuerdo a su demanda de trabajo.<\/p>\n<p><span class=\"blue\">Mejor informaci\u00f3n<\/span><br \/>El cliente recibe informes de gastos de todas las operaciones.<\/p>\n<p><span class=\"blue\">Especializaci\u00f3n<\/span><br \/>Cada negocio o tarea es desarrollada por un profesional especializado en cada categor\u00eda.<\/p>\t\t\t\t\t\t\t\t<\/div>\n\t\t\t\t<\/div>\n\t\t\t\t<div class=\"elementor-element elementor-element-bffab47 elementor-widget elementor-widget-image\" data-id=\"bffab47\" data-element_type=\"widget\" data-e-type=\"widget\" data-widget_type=\"image.default\">\n\t\t\t\t<div class=\"elementor-widget-container\">\n\t\t\t\t\t\t\t\t\t\t\t\t\t\t\t<img decoding=\"async\" width=\"700\" height=\"154\" src=\"https:\/\/conargentina.com.ar\/wp-content\/uploads\/2026\/04\/img-purchasing3.png\" class=\"attachment-large size-large wp-image-988143\" alt=\"\" srcset=\"https:\/\/conargentina.com.ar\/wp-content\/uploads\/2026\/04\/img-purchasing3.png 700w, https:\/\/conargentina.com.ar\/wp-content\/uploads\/2026\/04\/img-purchasing3-300x66.png 300w\" sizes=\"(max-width: 700px) 100vw, 700px\" \/>\t\t\t\t\t\t\t\t\t\t\t\t\t\t\t<\/div>\n\t\t\t\t<\/div>\n\t\t\t\t<div class=\"elementor-element elementor-element-e689a1a elementor-invisible animated-fast elementor-widget elementor-widget-heading\" data-id=\"e689a1a\" data-element_type=\"widget\" data-e-type=\"widget\" data-settings=\"{&quot;_animation&quot;:&quot;slideInUp&quot;,&quot;_animation_delay&quot;:50}\" data-widget_type=\"heading.default\">\n\t\t\t\t<div class=\"elementor-widget-container\">\n\t\t\t\t\t<h3 class=\"elementor-heading-title elementor-size-default\">Qu\u00e9 es el Outsourcing estrat\u00e9gico?<\/h3>\t\t\t\t<\/div>\n\t\t\t\t<\/div>\n\t\t\t\t<div class=\"vamtam-has-theme-widget-styles elementor-element elementor-element-6b6d8af elementor-widget elementor-widget-text-editor\" data-id=\"6b6d8af\" data-element_type=\"widget\" data-e-type=\"widget\" data-widget_type=\"text-editor.default\">\n\t\t\t\t<div class=\"elementor-widget-container\">\n\t\t\t\t\t\t\t\t\t<p>Es la tercerizaci\u00f3n o consultor\u00eda de las actividades que apoyan las decisiones estrat\u00e9gicas de su negocio. \u201cPurchasing Office\u201d lo ayuda a tomar mejores decisiones, mediante el apropiado manejo de informaci\u00f3n estrat\u00e9gica llevado a cabo por nuestros expertos en cada categor\u00eda.<\/p>\n<p><span class=\"blue\">Information Inteligence<\/span><br \/>Delegue todo el Reporting Management de su compa?\u00eda en un \u00fanico proceso consolidado. Informes por categor\u00edas, negocios y usuarios.<\/p>\n<p><span class=\"blue\">Market Analysis<\/span><br \/>Tenga actualizaciones del mercado sobre sus categor\u00edas que directa o indirectamente impacten estrat\u00e9gicamente en su negocio.<\/p>\n<p><span class=\"blue\">Opportunity Generation<\/span><br \/>Simplemente relevamos todo su paquete de compras y encontramos oportunidades de ahorro, calidad y servicio.<\/p>\n<p><span class=\"blue\">Contract support<\/span><br \/>Firme contratos sustentables. En Purchasing Office contamos con un equipo legal especializado en contratos comerciales.<\/p>\t\t\t\t\t\t\t\t<\/div>\n\t\t\t\t<\/div>\n\t\t\t\t<\/div>\n\t\t\t\t<\/div>\n\t\t\t\t<\/div>\n\t\t\t\t\t<\/div>\n\t\t\t\t<\/div>\n\t\t\t\t<\/div>\n\t\t","protected":false},"excerpt":{"rendered":"<p>Outsourcing de Compras Purchasing Office CON ARGENTINA SRL es un equipo de compradores especializados en el \u00e1rea minera que proponen un nuevo sistema de gesti\u00f3n, el Outsourcing de Compras. De esta manera su empresa centraliza en un \u00fanico proveedor los procesos de compras de sus \u00edtems y servicios no estrat\u00e9gicos para su negocio; permitiendo focalizar&#8230;<\/p>\n","protected":false},"author":1,"featured_media":0,"parent":0,"menu_order":0,"comment_status":"closed","ping_status":"closed","template":"","meta":{"footnotes":""},"class_list":["post-988118","page","type-page","status-publish","hentry"],"_links":{"self":[{"href":"https:\/\/conargentina.com.ar\/index.php?rest_route=\/wp\/v2\/pages\/988118","targetHints":{"allow":["GET"]}}],"collection":[{"href":"https:\/\/conargentina.com.ar\/index.php?rest_route=\/wp\/v2\/pages"}],"about":[{"href":"https:\/\/conargentina.com.ar\/index.php?rest_route=\/wp\/v2\/types\/page"}],"author":[{"embeddable":true,"href":"https:\/\/conargentina.com.ar\/index.php?rest_route=\/wp\/v2\/users\/1"}],"replies":[{"embeddable":true,"href":"https:\/\/conargentina.com.ar\/index.php?rest_route=%2Fwp%2Fv2%2Fcomments&post=988118"}],"version-history":[{"count":46,"href":"https:\/\/conargentina.com.ar\/index.php?rest_route=\/wp\/v2\/pages\/988118\/revisions"}],"predecessor-version":[{"id":988555,"href":"https:\/\/conargentina.com.ar\/index.php?rest_route=\/wp\/v2\/pages\/988118\/revisions\/988555"}],"wp:attachment":[{"href":"https:\/\/conargentina.com.ar\/index.php?rest_route=%2Fwp%2Fv2%2Fmedia&parent=988118"}],"curies":[{"name":"wp","href":"https:\/\/api.w.org\/{rel}","templated":true}]}}